f 38358018?
8
What is the millions digit of 206572767?
6
What is the millions digit of 6899295760?
9
What is the ten millions digit of 4882070357?
8
What is the thousands digit of 51998856?
8
What is the ten thousands digit of 1581495212?
9
What is the ten thousands digit of 383953232?
5
What is the thousands digit of 272419006?
9
What is the ten millions digit of 56430720?
5
What is the ten thousands digit of 1448326582?
2
What is the ten millions digit of 762237906?
6
What is the hundred millions digit of 663470165?
6
What is the ten thousands digit of 2555960837?
6
What is the hundred thousands digit of 611646696?
6
What is the hundred thousands digit of 4973620339?
6
What is the units digit of 51960012?
2
What is the thousands digit of 194987912?
7
What is the ten thousands digit of 3024917107?
1
What is the units digit of 441697568?
8
What is the hundred millions digit of 475644915?
4
What is the millions digit of 130004883?
0
What is the hundred millions digit of 530954519?
5
What is the hundreds digit of 52662264?
2
What is the hundred thousands digit of 241749379?
7
What is the hundred thousands digit of 410135369?
1
What is the tens digit of 37126335?
3
What is the hundreds digit of 44801571?
5
What is the ten millions digit of 12562060?
1
What is the millions digit of 33559493?
3
What is the ten millions digit of 81982665?
8
What is the tens digit of 27610608?
0
What is the hundred millions digit of 8806197916?
8
What is the tens digit of 870239135?
3
What is the ten thousands digit of 2077817076?
1
What is the units digit of 13234561?
1
What is the ten millions digit of 5746474908?
4
What is the thousands digit of 890679969?
9
What is the millions digit of 1269969702?
9
What is the ten thousands digit of 643188430?
8
What is the hundred thousands digit of 1339118754?
1
What is the ten millions digit of 38282121?
3
What is the units digit of 535456390?
0
What is the hundred thousands digit of 36344583?
3
What is the hundreds digit of 2057031087?
0
What is the thousands digit of 1916125016?
5
What is the ten thousands digit of 52111398?
1
What is the units digit of 85886126?
6
What is the units digit of 133535539?
9
What is the hundred thousands digit of 114958838?
9
What is the tens digit of 179985433?
3
What is the hundreds digit of 11382258?
2
What is the millions digit of 17050069?
7
What is the ten thousands digit of 83417938?
1
What is the ten millions digit of 935991476?
3
What is the thousands digit of 9954681?
4
What is the ten thousands digit of 62068848?
6
What is the hundred thousands digit of 184044174?
0
What is the hundreds digit of 204739878?
8
What is the units digit of 419747263?
3
What is the millions digit of 481352435?
1
What is the hundreds digit of 43705706?
7
What is the millions digit of 172650880?
2
What is the millions digit of 4882372900?
2
What is the ten thousands digit of 9699858343?
5
What is the hundred millions digit of 4753316275?
7
What is the thousands digit of 1336312610?
2
What is the ten millions digit of 141302732?
4
What is the thousands digit of 24719749?
9
What is the millions digit of 24392743?
4
What is the hundreds digit of 6558070?
0
What is the hundreds digit of 69957450?
4
What is the hundred thousands digit of 315569752?
5
What is the hundreds digit of 2642435042?
0
What is the hundred thousands digit of 60877324?
8
What is the thousands digit of 41382018?
2
What is the units digit of 12957508?
8
What is the tens digit of 508246686?
8
What is the hundred thousands digit of 3708585191?
5
What is the millions digit of 48137189?
8
What is the hundred thousands digit of 2160807865?
8
What is the thousands digit of 709356706?
6
What is the units digit of 2396640741?
1
What is the thousands digit of 90222061?
2
What is the hundreds digit of 234025377?
3
What is the ten millions digit of 966996541?
6
What is the hundred millions digit of 344778801?
3
What is the tens digit of 623400722?
2
What is the hundred thousands digit of 848610634?
6
What is the ten thousands digit of 233857937?
5
What is the millions digit of 89021281?
9
What is the thousands digit of 693498127?
8
What is the hundreds digit of 57108334?
3
What is the hundred millions digit of 393768234?
3
What is the hundred thousands digit of 339932043?
9
What is the ten millions digit of 96736393?
9
What is the ten thousands digit of 50952107?
5
What is the ten thousands digit of 2731883620?
8
What is the hundred millions digit of 541973164?
5
What is the ten thousands digit of 337993996?
9
What is the millions digit of 2529000?
2
What is the units digit of 1736694488?
8
What is the hundreds digit of 67481288?
2
What is the thousands digit of 633070371?
0
What is the hundreds digit of 166431874?
8
What is the hundreds digit of 129852022?
0
What is the units digit of 26022963?
3
What is the units digit of 3003989637?
7
What is the hundreds digit of 3671782926?
9
What is the units digit of 2754847723?
3
What is the hundreds digit of 199072844?
8
What is the tens digit of 300014792?
9
What is the ten millions digit of 1712434612?
1
What is the ten thousands digit of 1121827468?
2
What is the hundred millions digit of 223453431?
2
What is the tens digit of 26672679?
7
What is the ten millions digit of 24595320?
2
What is the thousands digit of 119536627?
6
What is the ten millions digit of 30734160?
3
What is the ten thousands digit of 57517417?
1
What is the tens digit of 40606714?
1
What is the ten thousands digit of 21000139?
0
What is the ten millions digit of 4286639888?
8
What is the units digit of 145647433?
3
What is the ten millions digit of 63263004?
6
What is the hundreds digit of 795598967?
9
What is the hundred thousands digit of 1843190111?
1
What is the millions digit of 1851716114?
1
What is the units digit of 26892616?
6
What is the ten millions digit of 586560627?
8
What is the tens digit of 219192383?
8
What is the tens digit of 347572780?
8
What is the ten thousands digit of 514373509?
7
What is the thousands digit of 531755357?
5
What is the units digit of 51930990?
0
What is the hundred millions digit of 3976551057?
9
What is the ten thousands digit of 65832437?
3
What is the billions digit of 2108976611?
2
What is the millions digit of 252409397?
2
What is the hundred thousands digit of 55100440?
1
What is the hundred millions digit of 516044387?
5
What is the ten millions digit of 101771731?
0
What is the units digit of 1408265352?
2
What is the hundred thousands digit of 16111862?
1
What is the hundred thousands digit of 1465105132?
1
What is the hundred millions digit of 1261370799?
2
What is the hundred millions digit of 609660925?
6
What is the hundreds digit of 6526267769?
7
What is the millions digit of 32096892?
2
What is the ten millions digit of 1370260800?
7
What is the units digit of 137729726?
6
What is the tens digit of 19877834?
3
What is the millions digit of 125129440?
5
What is the hundred thousands digit of 4866940105?
9
What is the hundred millions digit of 335340819?
3
What is the ten thousands digit of 169070521?
7
What is the tens digit of 32206980?
8
What is the millions digit of 453189262?
3
What is the hundred thousands digit of 603415900?
4
What is the units digit of 308107015?
5
What is the units digit of 1636364259?
9
What is the ten millions digit of 504367748?
0
What is the millions digit of 410731496?
0
What is the hundreds digit of 1560836880?
8
What is the hundred millions digit of 1975108472?
9
What is the ten thousands digit of 98857380?
5
What is the hundred millions digit of 2020057954?
0
What is the hundreds digit of 73037577?
5
What is the tens digit of 263497603?
0
What is the hundred millions digit of 4192677604?
1
What is the thousands digit of 57857064?
7
What is the millions digit of 340185814?
0
What is the thousands digit of 185032969?
2
What is the hundreds digit of 84064407?
4
What is the hundred thousands digit of 81662157?
6
What is the thousands digit of 673647890?
7
What is the units digit of 1793449397?
7
What is the hundreds digit of 2536879760?
7
What is the tens digit of 550656432?
3
What is the hundred thousands digit of 44742415?
7
What is the units digit of 122991866?
6
What is the ten millions digit of 771158895?
7
What is the hundreds digit of 1297